{"id":6788,"date":"2025-10-25T16:51:35","date_gmt":"2025-10-25T21:51:35","guid":{"rendered":"https:\/\/observatorioarmenia.org\/site\/?page_id=6788"},"modified":"2026-03-27T08:51:56","modified_gmt":"2026-03-27T13:51:56","slug":"6-diagnostico","status":"publish","type":"page","link":"https:\/\/observatorioarmenia.org\/site\/6-diagnostico\/","title":{"rendered":"6. Diagn\u00f3stico"},"content":{"rendered":"\n<p>A continuaci\u00f3n encontrar\u00e1 los diferentes diagn\u00f3sticos sobre la ciudad de Armenia de acuerdo con las dimensiones definidas de demograf\u00eda, empleo, ingresos, precios, educaci\u00f3n, salud, vivienda, ni\u00f1ez y adolescencia, pobreza monetaria, pobreza multidimensional, seguridad, desempe\u00f1o institucional, movilidad y aseo. Para cada una se hace la propuesta de posibles soluciones.<\/p>\n\n\n\n<p><strong><a href=\"https:\/\/observatorioarmenia.org\/site\/6-1-diagnostico-demografico\/\">1. Demograf\u00eda<\/a><\/strong><\/p>\n\n\n\n<p><a href=\"https:\/\/observatorioarmenia.org\/site\/5-2-diagnostico-del-problema-de-empleo\/\" target=\"_blank\" rel=\"noreferrer noopener\"><strong>2. Empleo<\/strong><\/a><\/p>\n\n\n\n<p><a href=\"https:\/\/observatorioarmenia.org\/site\/5-3-diagnostico-del-problema-de-precios\/\" target=\"_blank\" rel=\"noreferrer noopener\"><strong>3. Precios<\/strong><\/a><\/p>\n\n\n\n<p><a href=\"https:\/\/observatorioarmenia.org\/site\/6-4-diagnostico-de-vivienda\/\"><strong>4. Vivienda<\/strong><\/a><\/p>\n\n\n\n<p><strong><a rel=\"noreferrer noopener\" href=\"https:\/\/observatorioarmenia.org\/site\/5-5-diagnostico-de-educacion\/\" target=\"_blank\">5. Educaci\u00f3n<\/a><\/strong><\/p>\n\n\n\n<p><strong><a href=\"https:\/\/observatorioarmenia.org\/site\/6-6-diagnostico-salud\/\" target=\"_blank\" rel=\"noreferrer noopener\">6. Salud<\/a><\/strong><\/p>\n\n\n\n<p><strong><a href=\"http:\/\/observatorioarmenia.org\/site\/5-9-diagnostico-de-seguridad\/\">9. Seguridad<\/a><\/strong><\/p>\n\n\n\n<p><strong><a href=\"https:\/\/observatorioarmenia.org\/site\/6-10-diagnostico-institucional\/\" target=\"_blank\" rel=\"noreferrer noopener\">10. Desempe\u00f1o institucional<\/a><\/strong><\/p>\n\n\n\n<p><strong><a rel=\"noreferrer noopener\" href=\"https:\/\/observatorioarmenia.org\/site\/5-11-diagnostico-de-movilidad\/\" target=\"_blank\">11. Movilidad<\/a><\/strong><\/p>\n\n\n\n<p><strong><a href=\"https:\/\/observatorioarmenia.org\/site\/6-2-indice-de-pobreza-monetaria-quindio-y-armenia\/\" target=\"_blank\" rel=\"noreferrer noopener\">13. Pobreza Monetaria<\/a><\/strong><\/p>\n\n\n\n<p><strong><a href=\"https:\/\/observatorioarmenia.org\/site\/6-1-indice-de-pobreza-multidimensional\/\" target=\"_blank\" rel=\"noreferrer noopener\">14. Pobreza Multidimensional<\/a><\/strong><\/p>\n","protected":false},"excerpt":{"rendered":"<p>A continuaci\u00f3n encontrar\u00e1 los diferentes diagn\u00f3sticos sobre la ciudad de Armenia de acuerdo con las dimensiones definidas de demograf\u00eda, empleo, ingresos, precios, educaci\u00f3n, salud, vivienda, ni\u00f1ez y adolescencia, pobreza monetaria, pobreza multidimensional, seguridad, desempe\u00f1o institucional, movilidad y aseo. Para cada una se hace la propuesta de posibles soluciones. 1. Demograf\u00eda<\/p>\n<div class=\"continue-reading-wrapper\"><a href=\"https:\/\/observatorioarmenia.org\/site\/6-diagnostico\/\" class=\"continue-reading\">Ampliar informaci\u00f3n<i class=\"ion-ios-arrow-right\"><\/i><\/a><\/div>\n","protected":false},"author":1,"featured_media":0,"parent":0,"menu_order":0,"comment_status":"closed","ping_status":"closed","template":"","meta":{"footnotes":""},"class_list":["post-6788","page","type-page","status-publish","hentry"],"_links":{"self":[{"href":"https:\/\/observatorioarmenia.org\/site\/wp-json\/wp\/v2\/pages\/6788","targetHints":{"allow":["GET"]}}],"collection":[{"href":"https:\/\/observatorioarmenia.org\/site\/wp-json\/wp\/v2\/pages"}],"about":[{"href":"https:\/\/observatorioarmenia.org\/site\/wp-json\/wp\/v2\/types\/page"}],"author":[{"embeddable":true,"href":"https:\/\/observatorioarmenia.org\/site\/wp-json\/wp\/v2\/users\/1"}],"replies":[{"embeddable":true,"href":"https:\/\/observatorioarmenia.org\/site\/wp-json\/wp\/v2\/comments?post=6788"}],"version-history":[{"count":5,"href":"https:\/\/observatorioarmenia.org\/site\/wp-json\/wp\/v2\/pages\/6788\/revisions"}],"predecessor-version":[{"id":7734,"href":"https:\/\/observatorioarmenia.org\/site\/wp-json\/wp\/v2\/pages\/6788\/revisions\/7734"}],"wp:attachment":[{"href":"https:\/\/observatorioarmenia.org\/site\/wp-json\/wp\/v2\/media?parent=6788"}],"curies":[{"name":"wp","href":"https:\/\/api.w.org\/{rel}","templated":true}]}}